{"id":9276,"date":"2025-12-30T09:00:30","date_gmt":"2025-12-30T07:00:30","guid":{"rendered":"https:\/\/karriere.heise-unternehmensgruppe.de\/?post_type=job_listing&#038;p=9276"},"modified":"2026-02-12T08:33:49","modified_gmt":"2026-02-12T06:33:49","slug":"hochbaufacharbeiter-m-w-d-2","status":"publish","type":"job_listing","link":"https:\/\/karriere.heise-unternehmensgruppe.de\/index.php\/job\/hochbaufacharbeiter-m-w-d-2\/","title":{"rendered":"Hochbaufacharbeiter (m\/w\/d)"},"content":{"rendered":"\n<p><\/p>\n\n\n\n<p>Du bist auf der Suche nach einem innovativen und zukunftssicheren Arbeitgeber in deiner Heimat? Du m\u00f6chtest etwas Bleibendes erschaffen und dabei Teil eines modernen und starken Teams werden? Dann komm zu uns!&nbsp;<\/p>\n\n\n\n<p>Wir suchen motivierte Hochbaufacharbeiter (m\/w\/d), die mit innovativen Ideen und handwerklichem Geschick unser Team verst\u00e4rken. Bei uns erwartet dich ein spannendes und abwechslungsreiches Arbeitsumfeld auf regionalen Baustellen. Hier hast du die M\u00f6glichkeit, deine F\u00e4higkeiten einzubringen und aktiv zum Erfolg unserer Projekte beizutragen.&nbsp;<\/p>\n\n\n\n<p><strong>Deine Aufgaben:<\/strong>&nbsp;<\/p>\n\n\n\n<ul class=\"wp-block-list\">\n<li>Ausf\u00fchrung von Hochbauarbeiten im Rahmen unserer regionalen Projekte\u00a0<\/li>\n<\/ul>\n\n\n\n<ul class=\"wp-block-list\">\n<li>Selbstst\u00e4ndige Planung und Organisation von Arbeitsabl\u00e4ufen\u00a0<\/li>\n<\/ul>\n\n\n\n<ul class=\"wp-block-list\">\n<li>Sorgf\u00e4ltige Umsetzung von Baupl\u00e4nen und technischen Vorgaben\u00a0<\/li>\n<\/ul>\n\n\n\n<ul class=\"wp-block-list\">\n<li>Sicherstellung der Qualit\u00e4t und Einhaltung von Sicherheitsstandards\u00a0<\/li>\n<\/ul>\n\n\n\n<ul class=\"wp-block-list\">\n<li>Zusammenarbeit im Team und Kommunikation mit kompetenten Ansprechpartnern\u00a0<\/li>\n<\/ul>\n\n\n\n<p><\/p>\n\n\n\n<p><strong>Was wir dir bieten:<\/strong>&nbsp;<\/p>\n\n\n\n<ul class=\"wp-block-list\">\n<li><strong>Tarifliche Verg\u00fctung:<\/strong>\u202fDeine Leistung wird bei uns fair honoriert.\u00a0<\/li>\n<\/ul>\n\n\n\n<ul class=\"wp-block-list\">\n<li><strong>Regionalit\u00e4t:<\/strong>\u202fArbeite in deiner Heimat.\u00a0\u00a0<\/li>\n<\/ul>\n\n\n\n<ul class=\"wp-block-list\">\n<li><strong>E-Bike:<\/strong>\u202fNutze die M\u00f6glichkeit, mit einem E-Bike umweltbewusst und gesund zur Arbeit zu gelangen.\u00a0<\/li>\n<\/ul>\n\n\n\n<ul class=\"wp-block-list\">\n<li><strong>Teamevents:<\/strong> Bei regelm\u00e4\u00dfigen Teamevents wird unser Teamgef\u00fcge immer wieder gest\u00e4rkt.\u00a0<\/li>\n<\/ul>\n\n\n\n<ul class=\"wp-block-list\">\n<li><strong>Aufstiegschancen:<\/strong> Als Teil eines gro\u00dfen Unternehmens bieten sich dir zahlreiche M\u00f6glichkeiten zur Weiterentwicklung und Karrierechancen.<strong>\u00a0<\/strong>\u00a0<\/li>\n<\/ul>\n\n\n\n<p><\/p>\n\n\n\n<p><strong>Unser Wunschprofil:<\/strong>&nbsp;<\/p>\n\n\n\n<ul class=\"wp-block-list\">\n<li><strong>Abgeschlossene Ausbildung:<\/strong> Du bist bereits Hochbaufacharbeiter (m\/w\/d) und bringst idealerweise auch noch Berufserfahrung mit.\u00a0\u00a0<\/li>\n<\/ul>\n\n\n\n<ul class=\"wp-block-list\">\n<li><strong>Fahrerlaubnis:<\/strong> Ein F\u00fchrerschein der Klasse B ist w\u00fcnschenswert.\u00a0<\/li>\n<\/ul>\n\n\n\n<ul class=\"wp-block-list\">\n<li><strong>Teamplayer:<\/strong> Du hast eine selbstst\u00e4ndige, sorgf\u00e4ltige und verantwortungsbewusste Arbeitsweise und m\u00f6chtest mit unserem Team deine Region gestalten.\u00a0\u00a0<\/li>\n<\/ul>\n\n\n\n<p><\/p>\n\n\n\n<p>Gestalte gemeinsam mit uns die Zukunft und werde Teil unseres erfolgreichen Teams!&nbsp;<\/p>\n\n\n\n<p><em>Wir freuen uns auf deine Bewerbung!<\/em>&nbsp;<\/p>\n\n\n\n<p><\/p>\n","protected":false},"author":20,"featured_media":0,"comment_status":"open","ping_status":"closed","template":"","job_listing_type":[70],"job_listing_category":[73],"job_listing_location":[68],"job_listing_tag":[259,180,179,148,177,260,241,157],"class_list":["post-9276","job_listing","type-job_listing","status-publish","hentry","job_listing_type-vollzeit","job_listing_category-handwerk","job_listing_location-dessau","job_listing_tag-baufachkraefte","job_listing_tag-baumaschinen","job_listing_tag-dessau-rosslau","job_listing_tag-hochbau","job_listing_tag-regional","job_listing_tag-schiecksch","job_listing_tag-schieckscheffler","job_listing_tag-tiefbau"],"aioseo_notices":[],"metas":{"_job_featured_image":"","_job_featured":"","_job_filled":"","_job_urgent":"","_job_category":{"73":"Bau &amp; Handwerk"},"_job_type":{"70":"Vollzeit"},"_job_tag":{"259":"Baufachkr\u00e4fte","180":"Baumaschinen","179":"Dessau-Ro\u00dflau","148":"Hochbau","177":"regional","260":"Schieck+Sch","241":"Schieck+Scheffler","157":"Tiefbau"},"_job_expiry_date":"2026-05-31","_job_gender":"egal","_job_apply_type":"with_email","_job_apply_url":"","_job_apply_email":"bewerbung@schieck-scheffler.de","_job_salary_type":"","_job_salary":"","_job_experience":"","_job_career_level":"","_job_qualification":"","_job_video_url":"","_job_photos":"","_job_application_deadline_date":"2027-01-01","_job_address":"Alte Stra\u00dfe 26\/27, 06847 Dessau-Ro\u00dflau","_job_location":{"68":"Dessau-Ro\u00dflau"},"_job_map_location":{"address":"Alte Stra\u00dfe 26\/27, 06847 Dessau-Ro\u00dflau","latitude":"","longitude":""},"_job_logo":"https:\/\/karriere.heise-unternehmensgruppe.de\/wp-content\/uploads\/2021\/03\/ss-logo-piktogramm-dark-lighblue.png","_job_employer_name":"Schieck + Scheffler GmbH","_job_employer_url":"https:\/\/karriere.heise-unternehmensgruppe.de\/index.php\/employer\/schieckscheffler\/"},"_links":{"self":[{"href":"https:\/\/karriere.heise-unternehmensgruppe.de\/index.php\/wp-json\/wp\/v2\/job_listing\/9276","targetHints":{"allow":["GET"]}}],"collection":[{"href":"https:\/\/karriere.heise-unternehmensgruppe.de\/index.php\/wp-json\/wp\/v2\/job_listing"}],"about":[{"href":"https:\/\/karriere.heise-unternehmensgruppe.de\/index.php\/wp-json\/wp\/v2\/types\/job_listing"}],"author":[{"embeddable":true,"href":"https:\/\/karriere.heise-unternehmensgruppe.de\/index.php\/wp-json\/wp\/v2\/users\/20"}],"replies":[{"embeddable":true,"href":"https:\/\/karriere.heise-unternehmensgruppe.de\/index.php\/wp-json\/wp\/v2\/comments?post=9276"}],"wp:attachment":[{"href":"https:\/\/karriere.heise-unternehmensgruppe.de\/index.php\/wp-json\/wp\/v2\/media?parent=9276"}],"wp:term":[{"taxonomy":"job_listing_type","embeddable":true,"href":"https:\/\/karriere.heise-unternehmensgruppe.de\/index.php\/wp-json\/wp\/v2\/job_listing_type?post=9276"},{"taxonomy":"job_listing_category","embeddable":true,"href":"https:\/\/karriere.heise-unternehmensgruppe.de\/index.php\/wp-json\/wp\/v2\/job_listing_category?post=9276"},{"taxonomy":"job_listing_location","embeddable":true,"href":"https:\/\/karriere.heise-unternehmensgruppe.de\/index.php\/wp-json\/wp\/v2\/job_listing_location?post=9276"},{"taxonomy":"job_listing_tag","embeddable":true,"href":"https:\/\/karriere.heise-unternehmensgruppe.de\/index.php\/wp-json\/wp\/v2\/job_listing_tag?post=9276"}],"curies":[{"name":"wp","href":"https:\/\/api.w.org\/{rel}","templated":true}]}}

<p></p>



<p>Du bist auf der Suche nach einem innovativen und zukunftssicheren Arbeitgeber in deiner Heimat? Du möchtest etwas Bleibendes erschaffen und dabei Teil eines modernen und starken Teams werden? Dann komm zu uns!&nbsp;</p>



<p>Wir suchen motivierte Hochbaufacharbeiter (m/w/d), die mit innovativen Ideen und handwerklichem Geschick unser Team verstärken. Bei uns erwartet dich ein spannendes und abwechslungsreiches Arbeitsumfeld auf regionalen Baustellen. Hier hast du die Möglichkeit, deine Fähigkeiten einzubringen und aktiv zum Erfolg unserer Projekte beizutragen.&nbsp;</p>



<p><strong>Deine Aufgaben:</strong>&nbsp;</p>



<ul class="wp-block-list">
<li>Ausführung von Hochbauarbeiten im Rahmen unserer regionalen Projekte </li>
</ul>



<ul class="wp-block-list">
<li>Selbstständige Planung und Organisation von Arbeitsabläufen </li>
</ul>



<ul class="wp-block-list">
<li>Sorgfältige Umsetzung von Bauplänen und technischen Vorgaben </li>
</ul>



<ul class="wp-block-list">
<li>Sicherstellung der Qualität und Einhaltung von Sicherheitsstandards </li>
</ul>



<ul class="wp-block-list">
<li>Zusammenarbeit im Team und Kommunikation mit kompetenten Ansprechpartnern </li>
</ul>



<p></p>



<p><strong>Was wir dir bieten:</strong>&nbsp;</p>



<ul class="wp-block-list">
<li><strong>Tarifliche Vergütung:</strong> Deine Leistung wird bei uns fair honoriert. </li>
</ul>



<ul class="wp-block-list">
<li><strong>Regionalität:</strong> Arbeite in deiner Heimat.  </li>
</ul>



<ul class="wp-block-list">
<li><strong>E-Bike:</strong> Nutze die Möglichkeit, mit einem E-Bike umweltbewusst und gesund zur Arbeit zu gelangen. </li>
</ul>



<ul class="wp-block-list">
<li><strong>Teamevents:</strong> Bei regelmäßigen Teamevents wird unser Teamgefüge immer wieder gestärkt. </li>
</ul>



<ul class="wp-block-list">
<li><strong>Aufstiegschancen:</strong> Als Teil eines großen Unternehmens bieten sich dir zahlreiche Möglichkeiten zur Weiterentwicklung und Karrierechancen.<strong> </strong> </li>
</ul>



<p></p>



<p><strong>Unser Wunschprofil:</strong>&nbsp;</p>



<ul class="wp-block-list">
<li><strong>Abgeschlossene Ausbildung:</strong> Du bist bereits Hochbaufacharbeiter (m/w/d) und bringst idealerweise auch noch Berufserfahrung mit.  </li>
</ul>



<ul class="wp-block-list">
<li><strong>Fahrerlaubnis:</strong> Ein Führerschein der Klasse B ist wünschenswert. </li>
</ul>



<ul class="wp-block-list">
<li><strong>Teamplayer:</strong> Du hast eine selbstständige, sorgfältige und verantwortungsbewusste Arbeitsweise und möchtest mit unserem Team deine Region gestalten.  </li>
</ul>



<p></p>



<p>Gestalte gemeinsam mit uns die Zukunft und werde Teil unseres erfolgreichen Teams!&nbsp;</p>



<p><em>Wir freuen uns auf deine Bewerbung!</em>&nbsp;</p>



<p></p>

Baufachkräfte

Dessau-Roßlau

Alte Straße 26/27, 06847 Dessau-Roßlau
