{"id":9338,"date":"2024-10-29T13:00:24","date_gmt":"2024-10-29T11:00:24","guid":{"rendered":"https:\/\/karriere.heise-unternehmensgruppe.de\/?post_type=job_listing&#038;p=9338"},"modified":"2026-04-14T12:29:23","modified_gmt":"2026-04-14T10:29:23","slug":"countermitarbeiter-vermietassistenz-m-w-d","status":"publish","type":"job_listing","link":"https:\/\/karriere.heise-unternehmensgruppe.de\/index.php\/job\/countermitarbeiter-vermietassistenz-m-w-d\/","title":{"rendered":"Vermietassistent\/in (m\/w\/d) bei der Mobily GmbH"},"content":{"rendered":"\n<p>f\u00fcr unsere Europcar Station in Dessau suchen wir genau dich !<\/p>\n\n\n\n<p>Werde Teil unseres Teams, gerne auch als Quereinsteiger!<\/p>\n\n\n\n<p>Du liebst Autos, bist serviceorientiert und hast Freude am Umgang mit Menschen? Dann werde Teil unseres dynamischen Teams und erlebe jeden Tag spannende Herausforderungen in unserem Unternehmen!<\/p>\n\n\n\n<p>Zur Verst\u00e4rkung unseres Teams in <strong>Dessau<\/strong> suchen wir engagierte und serviceorientierte <strong>Countermitarbeiter \/ Vermietassistenz (m\/w\/d)<\/strong> auf <strong>Minijob<\/strong> Basis.<\/p>\n\n\n\n<p><strong>Deine Aufgaben:<\/strong><\/p>\n\n\n\n<ul class=\"wp-block-list\">\n<li>Pers\u00f6nliche und telefonische Beratung sowie Betreuung unserer Kunden<\/li>\n\n\n\n<li>Erstellung von Mietvertr\u00e4gen und Bearbeitung von Reservierungen<\/li>\n\n\n\n<li>Ausgabe und R\u00fccknahme von Mietfahrzeugen<\/li>\n\n\n\n<li>Sicherstellung eines optimalen Kundenservices<\/li>\n\n\n\n<li>Administrative T\u00e4tigkeiten rund um die Fahrzeugvermietung<\/li>\n<\/ul>\n\n\n\n<p>Du erh\u00e4ltst eine umfangreiche Einarbeitung und lernst zu Beginn alles, was du zum Durchstarten ben\u00f6tigst.<\/p>\n\n\n\n<p><strong>Dein Profil:<\/strong><\/p>\n\n\n\n<ul class=\"wp-block-list\">\n<li>Abgeschlossene kaufm\u00e4nnische Ausbildung oder relevante Berufserfahrung im Kundenservice<\/li>\n\n\n\n<li>Freude am Kontakt mit Kunden und eine ausgepr\u00e4gte Serviceorientierung Begeisterung f\u00fcr Autos &amp; Mobilit\u00e4t<\/li>\n\n\n\n<li>Sicherer Umgang mit MS Office<\/li>\n\n\n\n<li>Gute Deutsch- und Englischkenntnisse in Wort und Schrift<\/li>\n\n\n\n<li>F\u00fchrerschein der Klasse B<\/li>\n<\/ul>\n\n\n\n<p><strong>Wir bieten:<\/strong><\/p>\n\n\n\n<ul class=\"wp-block-list\">\n<li>Einen sicheren Arbeitsplatz<\/li>\n\n\n\n<li>Ein dynamisches und motiviertes Team<\/li>\n\n\n\n<li>Preisnachl\u00e4sse auf Produkte\/Dienstleistungen des Unternehmens<\/li>\n\n\n\n<li>M\u00f6glichkeiten zur Weiterbildung und Karriereentwicklung<\/li>\n<\/ul>\n\n\n\n<p>Keine 100-prozentige \u00dcbereinstimmung? Kein Bange! Was du noch nicht \u00fcber Mobilit\u00e4t wei\u00dft, bringen wir dir gerne bei.<\/p>\n\n\n\n<p>Jetzt einsteigen und starte deine neue berufliche Reise.<\/p>\n\n\n\n<p>\ud83d\udce7 <strong>Sende deine Unterlagen an:<\/strong> bewerbung@heise-unternehmensgruppe.de<\/p>\n\n\n\n<p>Wir freuen uns darauf, dich kennenzulernen! \ud83d\ude97\u2728<\/p>\n\n\n\n<p><\/p>\n","protected":false},"author":17,"featured_media":0,"comment_status":"open","ping_status":"closed","template":"","job_listing_type":[98,70],"job_listing_category":[71,33],"job_listing_location":[68],"job_listing_tag":[214,179,212,223,177],"class_list":["post-9338","job_listing","type-job_listing","status-publish","hentry","job_listing_type-teilzeit","job_listing_type-vollzeit","job_listing_category-buero","job_listing_category-mobility","job_listing_location-dessau","job_listing_tag-autovermietung","job_listing_tag-dessau-rosslau","job_listing_tag-empfang","job_listing_tag-guterjob","job_listing_tag-regional"],"aioseo_notices":[],"metas":{"_job_featured_image":"","_job_featured":"","_job_filled":"","_job_urgent":"","_job_category":{"71":"B\u00fcro","33":"Mobilit\u00e4t"},"_job_type":{"98":"Teilzeit","70":"Vollzeit"},"_job_tag":{"214":"autovermietung","179":"Dessau-Ro\u00dflau","212":"empfang","223":"GuterJob","177":"regional"},"_job_expiry_date":"2026-08-31","_job_gender":"","_job_apply_type":"","_job_apply_url":"","_job_apply_email":"bewerbung@heise-unternehmensgruppe.de","_job_salary_type":"","_job_salary":"","_job_experience":"","_job_career_level":"","_job_qualification":"","_job_video_url":"","_job_photos":"","_job_application_deadline_date":"2026-03-31","_job_address":"","_job_location":{"68":"Dessau-Ro\u00dflau"},"_job_map_location":{"address":" 40, Elisabethstra\u00dfe, Johannisviertel\/ Theaterviertel, Innerst\u00e4dtischer Bereich Mitte, Dessau, Dessau-Ro\u00dflau, Sachsen-Anhalt, 06844, Deutschland","latitude":"51.835278349999996","longitude":"12.235951455724337"},"_job_logo":"https:\/\/karriere.heise-unternehmensgruppe.de\/wp-content\/uploads\/2021\/03\/mobily-logo-piktogramm-dark-lighblue.png","_job_employer_name":"Mobily GmbH","_job_employer_url":"https:\/\/karriere.heise-unternehmensgruppe.de\/index.php\/employer\/mobily\/"},"_links":{"self":[{"href":"https:\/\/karriere.heise-unternehmensgruppe.de\/index.php\/wp-json\/wp\/v2\/job_listing\/9338","targetHints":{"allow":["GET"]}}],"collection":[{"href":"https:\/\/karriere.heise-unternehmensgruppe.de\/index.php\/wp-json\/wp\/v2\/job_listing"}],"about":[{"href":"https:\/\/karriere.heise-unternehmensgruppe.de\/index.php\/wp-json\/wp\/v2\/types\/job_listing"}],"author":[{"embeddable":true,"href":"https:\/\/karriere.heise-unternehmensgruppe.de\/index.php\/wp-json\/wp\/v2\/users\/17"}],"replies":[{"embeddable":true,"href":"https:\/\/karriere.heise-unternehmensgruppe.de\/index.php\/wp-json\/wp\/v2\/comments?post=9338"}],"wp:attachment":[{"href":"https:\/\/karriere.heise-unternehmensgruppe.de\/index.php\/wp-json\/wp\/v2\/media?parent=9338"}],"wp:term":[{"taxonomy":"job_listing_type","embeddable":true,"href":"https:\/\/karriere.heise-unternehmensgruppe.de\/index.php\/wp-json\/wp\/v2\/job_listing_type?post=9338"},{"taxonomy":"job_listing_category","embeddable":true,"href":"https:\/\/karriere.heise-unternehmensgruppe.de\/index.php\/wp-json\/wp\/v2\/job_listing_category?post=9338"},{"taxonomy":"job_listing_location","embeddable":true,"href":"https:\/\/karriere.heise-unternehmensgruppe.de\/index.php\/wp-json\/wp\/v2\/job_listing_location?post=9338"},{"taxonomy":"job_listing_tag","embeddable":true,"href":"https:\/\/karriere.heise-unternehmensgruppe.de\/index.php\/wp-json\/wp\/v2\/job_listing_tag?post=9338"}],"curies":[{"name":"wp","href":"https:\/\/api.w.org\/{rel}","templated":true}]}}

<p>für unsere Europcar Station in Dessau suchen wir genau dich !</p>



<p>Werde Teil unseres Teams, gerne auch als Quereinsteiger!</p>



<p>Du liebst Autos, bist serviceorientiert und hast Freude am Umgang mit Menschen? Dann werde Teil unseres dynamischen Teams und erlebe jeden Tag spannende Herausforderungen in unserem Unternehmen!</p>



<p>Zur Verstärkung unseres Teams in <strong>Dessau</strong> suchen wir engagierte und serviceorientierte <strong>Countermitarbeiter / Vermietassistenz (m/w/d)</strong> auf <strong>Minijob</strong> Basis.</p>



<p><strong>Deine Aufgaben:</strong></p>



<ul class="wp-block-list">
<li>Persönliche und telefonische Beratung sowie Betreuung unserer Kunden</li>



<li>Erstellung von Mietverträgen und Bearbeitung von Reservierungen</li>



<li>Ausgabe und Rücknahme von Mietfahrzeugen</li>



<li>Sicherstellung eines optimalen Kundenservices</li>



<li>Administrative Tätigkeiten rund um die Fahrzeugvermietung</li>
</ul>



<p>Du erhältst eine umfangreiche Einarbeitung und lernst zu Beginn alles, was du zum Durchstarten benötigst.</p>



<p><strong>Dein Profil:</strong></p>



<ul class="wp-block-list">
<li>Abgeschlossene kaufmännische Ausbildung oder relevante Berufserfahrung im Kundenservice</li>



<li>Freude am Kontakt mit Kunden und eine ausgeprägte Serviceorientierung Begeisterung für Autos &amp; Mobilität</li>



<li>Sicherer Umgang mit MS Office</li>



<li>Gute Deutsch- und Englischkenntnisse in Wort und Schrift</li>



<li>Führerschein der Klasse B</li>
</ul>



<p><strong>Wir bieten:</strong></p>



<ul class="wp-block-list">
<li>Einen sicheren Arbeitsplatz</li>



<li>Ein dynamisches und motiviertes Team</li>



<li>Preisnachlässe auf Produkte/Dienstleistungen des Unternehmens</li>



<li>Möglichkeiten zur Weiterbildung und Karriereentwicklung</li>
</ul>



<p>Keine 100-prozentige Übereinstimmung? Kein Bange! Was du noch nicht über Mobilität weißt, bringen wir dir gerne bei.</p>



<p>Jetzt einsteigen und starte deine neue berufliche Reise.</p>



<p>📧 <strong>Sende deine Unterlagen an:</strong> bewerbung@heise-unternehmensgruppe.de</p>



<p>Wir freuen uns darauf, dich kennenzulernen! 🚗✨</p>



<p></p>

Büro

Mobilität

Dessau-Roßlau

40, Elisabethstraße, Johannisviertel/ Theaterviertel, Innerstädtischer Bereich Mitte, Dessau, Dessau-Roßlau, Sachsen-Anhalt, 06844, Deutschland
